{"id":2,"date":"2015-11-21T20:32:12","date_gmt":"2015-11-21T19:32:12","guid":{"rendered":"http:\/\/www.laconflagration.com\/meduse\/?page_id=2"},"modified":"2021-08-02T17:22:57","modified_gmt":"2021-08-02T16:22:57","slug":"tec-tap","status":"publish","type":"page","link":"https:\/\/www.laconflagration.com\/meduse\/tec-tap\/","title":{"rendered":"TEC-TAC"},"content":{"rendered":"<p class=\"Normal-P-P0\"><span class=\"Normal-C\">Le r\u00e9seau TEC-TAP \u2013 &nbsp;\u00ab&nbsp;<\/span><span class=\"Normal-C-C0\">Th\u00e9\u00e2tre En Cit\u00e9\u2026 Th\u00e9\u00e2tre Aux Pr\u00e9s<\/span><span class=\"Normal-C\"> ! \u00bb \u2013 cr\u00e9\u00e9 en 2003, regroupe &nbsp;les troupes de th\u00e9\u00e2tre amateurs pr\u00e9sentes sur le Pays Rochefortais.<\/span><\/p>\n<p class=\"Normal-P-P0\"><span class=\"Normal-C\">N\u00e9 de l\u2019initiative de deux \u00ab&nbsp;pionniers&nbsp;\u00bb, Bernard GAUTIER animateur d\u00e9partemental et Franck BUFFETEAU, passionn\u00e9 de th\u00e9\u00e2tre et de d\u00e9veloppement, TEC-TAP est le r\u00e9sultat d\u2019une volont\u00e9 partag\u00e9e de s\u2019investir et d\u2019impulser une dynamique collective au sein du Pays Rochefortais, via le d\u00e9veloppement artistique et culturel.<\/span><\/p>\n<p class=\"Normal-P-P0\"><span class=\"Normal-C\">C\u2019est lors des \u00ab&nbsp;Journ\u00e9es th\u00e9\u00e2trales de Tonnay-Charente&nbsp;\u00bb que l\u2019opportunit\u00e9 de cr\u00e9er ce r\u00e9seau est apparue. Cet \u00e9v\u00e9nement, regroupant amateurs et professionnels, a permis aux troupes de commencer \u00e0 se rencontrer, \u00e0 se conna\u00eetre, \u00e0 \u00e9changer et \u00e0 partager des exp\u00e9riences.<\/span><\/p>\n<p class=\"Normal-P-P0\"><span class=\"Normal-C\">Il fallait saisir cette occasion pour encourager et p\u00e9renniser ces rencontres. L\u2019id\u00e9e de cr\u00e9er un r\u00e9seau de troupes de th\u00e9\u00e2tre amateur est alors n\u00e9e. La premi\u00e8re \u00ab&nbsp;Avant premi\u00e8re aux pr\u00e9s&nbsp;\u00bb, en octobre 2003, a ainsi constitu\u00e9 le premier levier de sa construction. Plusieurs animations ont ensuite suivi, de nouveaux projets sont apparus, le r\u00e9seau s\u2019est agrandi, renforc\u00e9, de nouvelles troupes sont arriv\u00e9es. Ces derni\u00e8res, bien que porteuses d\u2019attentes et de pratiques diff\u00e9renci\u00e9es, sont toujours anim\u00e9es du d\u00e9sir de partager et de construire ensemble.<\/span><\/p>\n<p>www.tec.tap.free.fr<\/p>\n","protected":false},"excerpt":{"rendered":"<p>Le r\u00e9seau TEC-TAP \u2013 &nbsp;\u00ab&nbsp;Th\u00e9\u00e2tre En Cit\u00e9\u2026 Th\u00e9\u00e2tre Aux Pr\u00e9s ! \u00bb \u2013 cr\u00e9\u00e9 en 2003, regroupe &nbsp;les troupes de th\u00e9\u00e2tre amateurs pr\u00e9sentes sur le Pays Rochefortais. N\u00e9 de l\u2019initiative de deux \u00ab&nbsp;pionniers&nbsp;\u00bb, Bernard GAUTIER animateur d\u00e9partemental et Franck BUFFETEAU,&#8230;<\/p>\n","protected":false},"author":2,"featured_media":0,"parent":0,"menu_order":0,"comment_status":"closed","ping_status":"open","template":"","meta":[],"_links":{"self":[{"href":"https:\/\/www.laconflagration.com\/meduse\/wp-json\/wp\/v2\/pages\/2"}],"collection":[{"href":"https:\/\/www.laconflagration.com\/meduse\/wp-json\/wp\/v2\/pages"}],"about":[{"href":"https:\/\/www.laconflagration.com\/meduse\/wp-json\/wp\/v2\/types\/page"}],"author":[{"embeddable":true,"href":"https:\/\/www.laconflagration.com\/meduse\/wp-json\/wp\/v2\/users\/2"}],"replies":[{"embeddable":true,"href":"https:\/\/www.laconflagration.com\/meduse\/wp-json\/wp\/v2\/comments?post=2"}],"version-history":[{"count":4,"href":"https:\/\/www.laconflagration.com\/meduse\/wp-json\/wp\/v2\/pages\/2\/revisions"}],"predecessor-version":[{"id":187,"href":"https:\/\/www.laconflagration.com\/meduse\/wp-json\/wp\/v2\/pages\/2\/revisions\/187"}],"wp:attachment":[{"href":"https:\/\/www.laconflagration.com\/meduse\/wp-json\/wp\/v2\/media?parent=2"}],"curies":[{"name":"wp","href":"https:\/\/api.w.org\/{rel}","templated":true}]}}